What is the millions digit of 2122529?
2
What is the tens digit of 3979863?
6
What is the units digit of 2745743?
3
What is the hundred thousands digit of 630764?
6
What is the ten thousands digit of 1745818?
4
What is the thousands digit of 15868152?
8
What is the hundreds digit of 2769357?
3
What is the hundreds digit of 61367?
3
What is the units digit of 2265579?
9
What is the millions digit of 33303372?
3
What is the thousands digit of 8941256?
1
What is the tens digit of 1603616?
1
What is the hundred thousands digit of 15831340?
8
What is the millions digit of 13858773?
3
What is the hundreds digit of 362309?
3
What is the thousands digit of 2665401?
5
What is the thousands digit of 749803?
9
What is the hundred thousands digit of 1380536?
3
What is the tens digit of 13008836?
3
What is the hundred thousands digit of 1957942?
9
What is the millions digit of 5357715?
5
What is the tens digit of 414336?
3
What is the thousands digit of 13123182?
3
What is the tens digit of 138414?
1
What is the hundreds digit of 813745?
7
What is the hundreds digit of 1090527?
5
What is the thousands digit of 40680664?
0
What is the hundreds digit of 853898?
8
What is the ten thousands digit of 143850?
4
What is the ten thousands digit of 207917?
0
What is the tens digit of 236580?
8
What is the units digit of 3290294?
4
What is the units digit of 2026296?
6
What is the hundreds digit of 106310?
3
What is the units digit of 27961877?
7
What is the thousands digit of 507361?
7
What is the thousands digit of 4141452?
1
What is the units digit of 821067?
7
What is the tens digit of 27203745?
4
What is the thousands digit of 5827559?
7
What is the ten thousands digit of 244064?
4
What is the hundred thousands digit of 275606?
2
What is the ten thousands digit of 225389?
2
What is the hundreds digit of 1458164?
1
What is the hundred thousands digit of 3710893?
7
What is the ten thousands digit of 5942270?
4
What is the ten thousands digit of 7720094?
2
What is the tens digit of 238651?
5
What is the thousands digit of 554266?
4
What is the thousands digit of 206766?
6
What is the hundreds digit of 278470?
4
What is the ten thousands digit of 78961?
7
What is the thousands digit of 7424900?
4
What is the tens digit of 909730?
3
What is the hundred thousands digit of 804040?
8
What is the thousands digit of 22481?
2
What is the millions digit of 18752784?
8
What is the hundreds digit of 838698?
6
What is the hundreds digit of 426152?
1
What is the tens digit of 4060084?
8
What is the hundred thousands digit of 5061013?
0
What is the tens digit of 21678219?
1
What is the tens digit of 845661?
6
What is the hundreds digit of 1586312?
3
What is the hundreds digit of 1066628?
6
What is the hundred thousands digit of 167624?
1
What is the ten thousands digit of 175148?
7
What is the hundreds digit of 15480?
4
What is the millions digit of 1594835?
1
What is the ten thousands digit of 175970?
7
What is the hundreds digit of 350806?
8
What is the hundreds digit of 33275571?
5
What is the hundreds digit of 512529?
5
What is the ten thousands digit of 46401?
4
What is the ten thousands digit of 804451?
0
What is the hundred thousands digit of 30694405?
6
What is the units digit of 452355?
5
What is the hundreds digit of 159957?
9
What is the units digit of 1481156?
6
What is the ten thousands digit of 436401?
3
What is the hundred thousands digit of 573335?
5
What is the hundreds digit of 17946369?
3
What is the hundred thousands digit of 3946982?
9
What is the hundreds digit of 19054?
0
What is the hundreds digit of 81923?
9
What is the ten millions digit of 28051717?
2
What is the units digit of 494502?
2
What is the tens digit of 401604?
0
What is the units digit of 1450120?
0
What is the hundred thousands digit of 193820?
1
What is the tens digit of 15405827?
2
What is the hundreds digit of 91118?
1
What is the ten thousands digit of 23035342?
3
What is the hundreds digit of 2344616?
6
What is the hundred thousands digit of 16836570?
8
What is the hundreds digit of 1046875?
8
What is the thousands digit of 551572?
1
What is the hundred thousands digit of 5295560?
2
What is the tens digit of 65786?
8
What is the millions digit of 1242819?
1
What is the tens digit of 3132000?
0
What is the ten thousands digit of 1401125?
0
What is the hundred thousands digit of 1502904?
5
What is the hundreds digit of 503429?
4
What is the tens digit of 1526585?
8
What is the hundreds digit of 7463?
4
What is the hundreds digit of 3647279?
2
What is the tens digit of 5926786?
8
What is the thousands digit of 30754245?
4
What is the hundred thousands digit of 843771?
8
What is the tens digit of 737417?
1
What is the thousands digit of 3400460?
0
What is the tens digit of 25213?
1
What is the hundreds digit of 23702?
7
What is the hundreds digit of 779565?
5
What is the millions digit of 1247219?
1
What is the tens digit of 3686867?
6
What is the millions digit of 2916656?
2
What is the units digit of 147030?
0
What is the hundreds digit of 55780?
7
What is the units digit of 6121490?
0
What is the ten thousands digit of 103388?
0
What is the thousands digit of 23111000?
1
What is the millions digit of 5785622?
5
What is the hundreds digit of 341692?
6
What is the thousands digit of 11776023?
6
What is the units digit of 93960?
0
What is the thousands digit of 415599?
5
What is the ten thousands digit of 26041?
2
What is the millions digit of 23456241?
3
What is the ten thousands digit of 212922?
1
What is the hundreds digit of 381148?
1
What is the hundred thousands digit of 7191104?
1
What is the hundred thousands digit of 1840194?
8
What is the thousands digit of 17963487?
3
What is the hundred thousands digit of 1131152?
1
What is the ten thousands digit of 21388710?
8
What is the units digit of 230468?
8
What is the hundreds digit of 18157685?
6
What is the tens digit of 84148?
4
What is the tens digit of 2229542?
4
What is the ten thousands digit of 562941?
6
What is the ten thousands digit of 946071?
4
What is the thousands digit of 143862?
3
What is the hundreds digit of 133725?
7
What is the hundred thousands digit of 883545?
8
What is the thousands digit of 14167208?
7
What is the thousands digit of 6276697?
6
What is the tens digit of 56638?
3
What is the ten thousands digit of 49102?
4
What is the hundreds digit of 2862553?
5
What is the millions digit of 1544246?
1
What is the tens digit of 227043?
4
What is the ten thousands digit of 5229136?
2
What is the hundred thousands digit of 198887?
1
What is the units digit of 85402?
2
What is the hundred thousands digit of 21673839?
6
What is the ten thousands digit of 553906?
5
What is the units digit of 344629?
9
What is the thousands digit of 372938?
2
What is the units digit of 889164?
4
What is the tens digit of 1986815?
1
What is the hundreds digit of 606763?
7
What is the hundred thousands digit of 192523?
1
What is the hundreds digit of 380090?
0
What is the hundred thousands digit of 246635?
2
What is the hundreds digit of 831961?
9
What is the hundreds digit of 2345?
3
What is the ten thousands digit of 18606?
1
What is the millions digit of 1324198?
1
What is the units digit of 581386?
6
What is the thousands digit of 112973?
2
What is the millions digit of 12354641?
2
What is the tens digit of 2670339?
3
What is the hundreds digit of 630753?
7
What is the hundred thousands digit of 208600?
2
What is the tens digit of 49486?
8
What is the units digit of 199664?
4
What is the millions digit of 24286062?
4
What is the ten thousands digit of 493972?
9
What is the units digit of 11978849?
9
What is the hundreds digit of 4761959?
9
What is the hundred thousands digit of 25616827?
6
What is the hundreds digit of 774208?
2
What is the tens digit of 853138?
3
What is the ten thousands digit of 2430718?
3
What is the tens digit of 921710?
1
What is the hundred thousands digit of 1071714?
0
What is the thousands digit of 190420?
0
What is the units digit of 2310926?
6
What is the thousands digit of 346870?
6
What is the ten millions digit of 27729196?
2
What is the units digit of 2758609?
9
What is the hundreds digit of 138426?
4
What is the tens digit of 63470?
7
What is the tens digit of 153060?
6
What is the hundreds digi